{"id":936,"date":"2023-11-05T18:45:05","date_gmt":"2023-11-05T18:45:05","guid":{"rendered":"https:\/\/escritoras-em-portugues.com\/?page_id=936"},"modified":"2024-01-06T23:00:49","modified_gmt":"2024-01-06T23:00:49","slug":"isabel-de-castro-d","status":"publish","type":"page","link":"https:\/\/escritoras-em-portugues.com\/pt_pt\/xvii\/isabel-de-castro-d\/","title":{"rendered":"Isabel de Castro, D."},"content":{"rendered":"<p><strong>NOME<\/strong> Isabel de Castro, D., Condessa de Assumar<\/p>\n<p><strong>OUTRO(S) NOME(S)<\/strong> Isabel de Castro, D., Condessa de Assumar<\/p>\n<h4><strong>Elementos biogr\u00e1ficos<\/strong><\/h4>\n<p style=\"font-weight: 400;\"><strong>PAI<\/strong> D. Jo\u00e3o Mascarenhas<\/p>\n<p style=\"font-weight: 400;\"><strong>M\u00c3E<\/strong> D. Madalena de Castro<\/p>\n<p style=\"font-weight: 400;\"><strong>LOCAL DE NASCIMENTO<\/strong> \u00a0Lisboa<\/p>\n<p style=\"font-weight: 400;\"><strong>DATA DE NASCIMENTO<\/strong> c. 1665<\/p>\n<p style=\"font-weight: 400;\"><strong>LOCAL DA MORTE<\/strong> Lisboa<\/p>\n<p style=\"font-weight: 400;\"><strong>DATA DA MORTE<\/strong> Janeiro de 1724<\/p>\n<p style=\"font-weight: 400;\"><strong>ESTADO<\/strong> Casada<\/p>\n<p style=\"font-weight: 400;\"><strong>C\u00d4NJUGE<\/strong> D. Jo\u00e3o de Almeida, 1\u00ba conde de Assumar<\/p>\n<p style=\"font-weight: 400;\"><strong>DATA DE CASAMENTO<\/strong> c. 1665<\/p>\n<p style=\"font-weight: 400;\"><strong>N\u00daMERO DE FILHOS<\/strong> \u00a07<\/p>\n<p style=\"font-weight: 400;\"><strong>FILHOS<\/strong><b><\/b><\/p>\n<p style=\"font-weight: 400;\"><b><a href=\"http:\/\/www.geneall.net\/P\/per_page.php?id=21938\"><strong>Pedro Miguel de Almeida Portugal, 1\u00ba marqu\u00eas de Alorna<\/strong><\/a><\/b><\/p>\n<p style=\"font-weight: 400;\"><b><a href=\"http:\/\/www.geneall.net\/P\/per_page.php?id=14055\"><strong>Madalena Bruna de Castro<\/strong><\/a><\/b> <b><\/b><\/p>\n<p style=\"font-weight: 400;\"><b><a href=\"http:\/\/www.geneall.net\/P\/per_page.php?id=356161\"><strong>Luisa do Pilar de Noronha<\/strong><\/a><\/b> 06.01.1692<b><\/b><\/p>\n<p style=\"font-weight: 400;\"><b><a href=\"http:\/\/www.geneall.net\/P\/per_page.php?id=334394\"><strong>Diogo Fernandes de Almeida<\/strong><\/a><\/b> 21.04.1698<b><\/b><\/p>\n<p style=\"font-weight: 400;\"><b><a href=\"http:\/\/www.geneall.net\/P\/per_page.php?id=354824\"><strong>Francisco de Almeida<\/strong><\/a><\/b> 21.07.1701<b><\/b><\/p>\n<p style=\"font-weight: 400;\"><b><a href=\"http:\/\/www.geneall.net\/P\/per_page.php?id=353887\"><strong>Ant\u00f3nio de Almeida<\/strong><\/a><\/b> 16.10.1705<\/p>\n<p style=\"font-weight: 400;\"><b><a href=\"http:\/\/www.geneall.net\/P\/per_page.php?id=355737\"><strong>Jos\u00e9 de Almeida<\/strong><\/a><\/b> 22.06.1714 , cavaleiro da Ordem de Malta<\/p>\n<h4><strong>Obra<\/strong><\/h4>\n<p><strong>OBRAS MANUSCRITAS<\/strong><\/p>\n<p style=\"font-weight: 400;\"><em>Carta da Condessa de Assumar, Dona Isabel de Castro, escreveu a seu Filho D. Pedro de Almeida, estando na Campanha, datada de 1713<\/em><\/p>\n<p>CASTRO, Isabel de \u201cCarta Aut\u00f3grafa da Condessa de Assumar dando Conselhos ao Filho, D. Pedro de Almeida, datada de 2 de Junho de 1704\u201d in.: Charles Boxer, <em>A M<\/em><em>ulher na Expans\u00e3o Ultramarina,<\/em> Lisboa, Livros Horizonte, 1977, pp. 155-160.<\/p>\n<p style=\"font-weight: 400;\">&#8220;Cartas a Carlos VI, Emperatriz, e as nossas Rainhas, e Princezas\u00bb (<em>apud <\/em>Soares Toscano e <em>Anno Historico<\/em>)<\/p>\n<pre><\/pre>\n<h4><strong>Bibliografia:<\/strong><\/h4>\n<p style=\"font-weight: 400;\">CASTRO, Isabel de \u201cCarta Aut\u00f3grafa da Condessa de Assumar dando Conselhos ao Filho, D. Pedro de Almeida, datada de 2 de Junho de 1704\u201d in.: Charles Boxer, <em>A M<\/em><em>ulher na Expans\u00e3o Ultramarina,<\/em> Lisboa, Livros Horizonte, 1977, pp. 155-160.<\/p>\n<p style=\"font-weight: 400;\">CASTRO, Isabel de\u00a0 \u201cCarta que a Exma Senhora Condessa de Assumar D. Isabel de Castro escrevi a seu filho D. L. de Almeida estando na Campanha&#8221; in.: Vanda Anast\u00e1cio (coord) <em>Uma Antologia Improv\u00e1vel? A Escrita das Mulheres (1495-1830), <\/em>Lisboa, Rel\u00f3gio de \u00c1gua, 2013, pp. 452-456.<\/p>\n<p style=\"font-weight: 400;\">LOPES, Maria Ant\u00f3nia da Silva Figueiredo. <em>Mulheres, espa\u00e7o e sociabilidade \u2013 A transforma\u00e7\u00e3o dos pap\u00e9is femininos em Portugal na segunda metade do s\u00e9culo XVIII<\/em>, Disserta\u00e7\u00e3o mestrado em Hist\u00f3ria Moderna, Coimbra: Faculdade de Letras da Universidade de Coimbra, 1987<\/p>\n<p style=\"font-weight: 400;\">PERYM, Dami\u00e3o de Froes, <em>Theatro Heroino, abecedario historico, e catalogo das mulheres ilustres em armas, letras ac\u00e7oens heroicas e artes liberais\u2026, <\/em>volumes, Lisboa Occidental, na Officina de Musica de Theotonio Antunes Lima, 1736, volume I, pp. 545-546.<\/p>\n<p style=\"font-weight: 400;\">SANTA MARIA, Pe. Francisco de <em>Anno Historico Diario Portuguez: noticia abreviada de pessoas grandes, e cousas notaveis de Portugal <\/em>(\u2026), \u00a0Lisboa, na Officina e \u00e0 custa de Domingos Gonsalves, 1744. Vol I: 21 de Janeiro, V, p. 136.<\/p>\n<p style=\"font-weight: 400;\">TOSCANO, Francisco Soares (1621) \u2013 <em>Parallelos de Principes, e Varoens Illustres Antigos a que muitos da nossa Nas\u00e7a\u00f5 Portugueza se a semelhara\u00f5 em suas obras, ditos, e feitos: com a origem das Armas de algumas familias deste Reyno., <\/em>Lisboa Occidental, na Officina Ferreiriana, 1733, pp. 413- 414.<\/p>\n<p style=\"font-weight: 400;\"><strong>OBSERVA\u00c7\u00d5ES<\/strong><\/p>\n<p style=\"font-weight: 400;\">B Ajuda 51-II-33 C\u00f3pia da Carta da 2\u00aa Condessa de Assumar, 1704, fls 222.231<\/p>\n<p style=\"font-weight: 400;\">Biblioteca Nacional de Portugal (PBA 69: 64-71)<\/p>\n<p style=\"font-weight: 400;\">http:\/\/www.geneall.net\/P\/per_page.php?id=28670<\/p>\n<p style=\"font-weight: 400;\">\u00abdotada de todas as virtudes, que podem constituir huma Matrona, com grande noticia das sciencias, artes e l\u00ednguas\u00bb (<em>Gazeta de Lisboa<\/em>, n\u00ba 4, 27 de Janeiro de 1724, p.31)<\/p>\n<p style=\"font-weight: 400;\">\u00abpintava\u00bb (<em>apud<\/em> Soares TOSCANO)<\/p>\n<p style=\"font-weight: 400;\">\n","protected":false},"excerpt":{"rendered":"<p>NOME Isabel de Castro, D., Condessa de Assumar OUTRO(S) NOME(S) Isabel de Castro, D., Condessa de Assumar Elementos biogr\u00e1ficos PAI D. Jo\u00e3o Mascarenhas M\u00c3E D. Madalena de Castro LOCAL DE NASCIMENTO \u00a0Lisboa DATA DE NASCIMENTO c. 1665 LOCAL DA MORTE Lisboa DATA DA MORTE Janeiro de 1724 ESTADO Casada C\u00d4NJUGE D. Jo\u00e3o de Almeida, 1\u00ba &#8230; <a title=\"Isabel de Castro, D.\" class=\"read-more\" href=\"https:\/\/escritoras-em-portugues.com\/pt_pt\/xvii\/isabel-de-castro-d\/\" aria-label=\"Leia mais sobre Isabel de Castro, D.\">Ler mais<\/a><\/p>\n","protected":false},"author":3,"featured_media":0,"parent":47,"menu_order":0,"comment_status":"closed","ping_status":"closed","template":"","meta":{"cybocfi_hide_featured_image":"","footnotes":""},"class_list":["post-936","page","type-page","status-publish"],"_links":{"self":[{"href":"https:\/\/escritoras-em-portugues.com\/pt_pt\/wp-json\/wp\/v2\/pages\/936","targetHints":{"allow":["GET"]}}],"collection":[{"href":"https:\/\/escritoras-em-portugues.com\/pt_pt\/wp-json\/wp\/v2\/pages"}],"about":[{"href":"https:\/\/escritoras-em-portugues.com\/pt_pt\/wp-json\/wp\/v2\/types\/page"}],"author":[{"embeddable":true,"href":"https:\/\/escritoras-em-portugues.com\/pt_pt\/wp-json\/wp\/v2\/users\/3"}],"replies":[{"embeddable":true,"href":"https:\/\/escritoras-em-portugues.com\/pt_pt\/wp-json\/wp\/v2\/comments?post=936"}],"version-history":[{"count":5,"href":"https:\/\/escritoras-em-portugues.com\/pt_pt\/wp-json\/wp\/v2\/pages\/936\/revisions"}],"predecessor-version":[{"id":1251,"href":"https:\/\/escritoras-em-portugues.com\/pt_pt\/wp-json\/wp\/v2\/pages\/936\/revisions\/1251"}],"up":[{"embeddable":true,"href":"https:\/\/escritoras-em-portugues.com\/pt_pt\/wp-json\/wp\/v2\/pages\/47"}],"wp:attachment":[{"href":"https:\/\/escritoras-em-portugues.com\/pt_pt\/wp-json\/wp\/v2\/media?parent=936"}],"curies":[{"name":"wp","href":"https:\/\/api.w.org\/{rel}","templated":true}]}}

<p><strong>NOME</strong> Isabel de Castro, D., Condessa de Assumar</p>
<p><strong>OUTRO(S) NOME(S)</strong> Isabel de Castro, D., Condessa de Assumar</p>
<h4><strong>Elementos biográficos</strong></h4>
<p style="font-weight: 400;"><strong>PAI</strong> D. João Mascarenhas</p>
<p style="font-weight: 400;"><strong>MÃE</strong> D. Madalena de Castro</p>
<p style="font-weight: 400;"><strong>LOCAL DE NASCIMENTO</strong>  Lisboa</p>
<p style="font-weight: 400;"><strong>DATA DE NASCIMENTO</strong> c. 1665</p>
<p style="font-weight: 400;"><strong>LOCAL DA MORTE</strong> Lisboa</p>
<p style="font-weight: 400;"><strong>DATA DA MORTE</strong> Janeiro de 1724</p>
<p style="font-weight: 400;"><strong>ESTADO</strong> Casada</p>
<p style="font-weight: 400;"><strong>CÔNJUGE</strong> D. João de Almeida, 1º conde de Assumar</p>
<p style="font-weight: 400;"><strong>DATA DE CASAMENTO</strong> c. 1665</p>
<p style="font-weight: 400;"><strong>NÚMERO DE FILHOS</strong>  7</p>
<p style="font-weight: 400;"><strong>FILHOS</strong><b></b></p>
<p style="font-weight: 400;"><b><a href="http://www.geneall.net/P/per_page.php?id=21938"><strong>Pedro Miguel de Almeida Portugal, 1º marquês de Alorna</strong></a></b></p>
<p style="font-weight: 400;"><b><a href="http://www.geneall.net/P/per_page.php?id=14055"><strong>Madalena Bruna de Castro</strong></a></b> <b></b></p>
<p style="font-weight: 400;"><b><a href="http://www.geneall.net/P/per_page.php?id=356161"><strong>Luisa do Pilar de Noronha</strong></a></b> 06.01.1692<b></b></p>
<p style="font-weight: 400;"><b><a href="http://www.geneall.net/P/per_page.php?id=334394"><strong>Diogo Fernandes de Almeida</strong></a></b> 21.04.1698<b></b></p>
<p style="font-weight: 400;"><b><a href="http://www.geneall.net/P/per_page.php?id=354824"><strong>Francisco de Almeida</strong></a></b> 21.07.1701<b></b></p>
<p style="font-weight: 400;"><b><a href="http://www.geneall.net/P/per_page.php?id=353887"><strong>António de Almeida</strong></a></b> 16.10.1705</p>
<p style="font-weight: 400;"><b><a href="http://www.geneall.net/P/per_page.php?id=355737"><strong>José de Almeida</strong></a></b> 22.06.1714 , cavaleiro da Ordem de Malta</p>
<h4><strong>Obra</strong></h4>
<p><strong>OBRAS MANUSCRITAS</strong></p>
<p style="font-weight: 400;"><em>Carta da Condessa de Assumar, Dona Isabel de Castro, escreveu a seu Filho D. Pedro de Almeida, estando na Campanha, datada de 1713</em></p>
<p>CASTRO, Isabel de “Carta Autógrafa da Condessa de Assumar dando Conselhos ao Filho, D. Pedro de Almeida, datada de 2 de Junho de 1704” in.: Charles Boxer, <em>A M</em><em>ulher na Expansão Ultramarina,</em> Lisboa, Livros Horizonte, 1977, pp. 155-160.</p>
<p style="font-weight: 400;">&#8220;Cartas a Carlos VI, Emperatriz, e as nossas Rainhas, e Princezas» (<em>apud </em>Soares Toscano e <em>Anno Historico</em>)</p>
<pre></pre>
<h4><strong>Bibliografia:</strong></h4>
<p style="font-weight: 400;">CASTRO, Isabel de “Carta Autógrafa da Condessa de Assumar dando Conselhos ao Filho, D. Pedro de Almeida, datada de 2 de Junho de 1704” in.: Charles Boxer, <em>A M</em><em>ulher na Expansão Ultramarina,</em> Lisboa, Livros Horizonte, 1977, pp. 155-160.</p>
<p style="font-weight: 400;">CASTRO, Isabel de  “Carta que a Exma Senhora Condessa de Assumar D. Isabel de Castro escrevi a seu filho D. L. de Almeida estando na Campanha&#8221; in.: Vanda Anastácio (coord) <em>Uma Antologia Improvável? A Escrita das Mulheres (1495-1830), </em>Lisboa, Relógio de Água, 2013, pp. 452-456.</p>
<p style="font-weight: 400;">LOPES, Maria Antónia da Silva Figueiredo. <em>Mulheres, espaço e sociabilidade – A transformação dos papéis femininos em Portugal na segunda metade do século XVIII</em>, Dissertação mestrado em História Moderna, Coimbra: Faculdade de Letras da Universidade de Coimbra, 1987</p>
<p style="font-weight: 400;">PERYM, Damião de Froes, <em>Theatro Heroino, abecedario historico, e catalogo das mulheres ilustres em armas, letras acçoens heroicas e artes liberais…, </em>volumes, Lisboa Occidental, na Officina de Musica de Theotonio Antunes Lima, 1736, volume I, pp. 545-546.</p>
<p style="font-weight: 400;">SANTA MARIA, Pe. Francisco de <em>Anno Historico Diario Portuguez: noticia abreviada de pessoas grandes, e cousas notaveis de Portugal </em>(…),  Lisboa, na Officina e à custa de Domingos Gonsalves, 1744. Vol I: 21 de Janeiro, V, p. 136.</p>
<p style="font-weight: 400;">TOSCANO, Francisco Soares (1621) – <em>Parallelos de Principes, e Varoens Illustres Antigos a que muitos da nossa Nasçaõ Portugueza se a semelharaõ em suas obras, ditos, e feitos: com a origem das Armas de algumas familias deste Reyno., </em>Lisboa Occidental, na Officina Ferreiriana, 1733, pp. 413- 414.</p>
<p style="font-weight: 400;"><strong>OBSERVAÇÕES</strong></p>
<p style="font-weight: 400;">B Ajuda 51-II-33 Cópia da Carta da 2ª Condessa de Assumar, 1704, fls 222.231</p>
<p style="font-weight: 400;">Biblioteca Nacional de Portugal (PBA 69: 64-71)</p>
<p style="font-weight: 400;">http://www.geneall.net/P/per_page.php?id=28670</p>
<p style="font-weight: 400;">«dotada de todas as virtudes, que podem constituir huma Matrona, com grande noticia das sciencias, artes e línguas» (<em>Gazeta de Lisboa</em>, nº 4, 27 de Janeiro de 1724, p.31)</p>
<p style="font-weight: 400;">«pintava» (<em>apud</em> Soares TOSCANO)</p>
<p style="font-weight: 400;">

<p>NOME Isabel de Castro, D., Condessa de Assumar OUTRO(S) NOME(S) Isabel de Castro, D., Condessa de Assumar Elementos biográficos PAI D. João Mascarenhas MÃE D. Madalena de Castro LOCAL DE NASCIMENTO  Lisboa DATA DE NASCIMENTO c. 1665 LOCAL DA MORTE Lisboa DATA DA MORTE Janeiro de 1724 ESTADO Casada CÔNJUGE D. João de Almeida, 1º &#8230; <a title="Isabel de Castro, D." class="read-more" href="https://escritoras-em-portugues.com/pt_pt/xvii/isabel-de-castro-d/" aria-label="Leia mais sobre Isabel de Castro, D.">Ler mais</a></p>
