{"id":630,"date":"2023-04-23T17:05:54","date_gmt":"2023-04-23T20:05:54","guid":{"rendered":"http:\/\/escritoras-em-portugues.provisorio.ws\/?page_id=630"},"modified":"2024-06-04T19:30:25","modified_gmt":"2024-06-04T19:30:25","slug":"maria-da-cunha","status":"publish","type":"page","link":"https:\/\/escritoras-em-portugues.com\/pt_pt\/xv\/maria-da-cunha\/","title":{"rendered":"Maria da Cunha"},"content":{"rendered":"<p><strong>NOME<\/strong> Maria da Cunha<\/p>\n<p><strong>Dados biogr\u00e1ficos<\/strong><\/p>\n<p><strong>DATA DE NASCIMENTO<\/strong> s\u00e9culo XV<br \/>\n<strong>INSTITUI\u00c7\u00d5ES QUE FREQUENTOU<\/strong> Corte de D. Afonso V<br \/>\n<strong>Profiss\u00e3o \/ cargo \/ fun\u00e7\u00e3o <\/strong> Donzela da Senhora D. Filipa d\u2019Almada<br \/>\n<strong>DATA DA MORTE<\/strong> s\u00e9culo XVI<\/p>\n<p><strong>Obra<\/strong><\/p>\n<p><strong>OBRAS IMPRESSAS<\/strong><\/p>\n<pre>Sem v\u2019 ver nel laa estar\r\nVede se s\u00e3o adevinha,\r\nQuis cem vezes aa cozinha\r\nPor v\u2019 mais nego\u00e7ear.\r\nE sei que jaa v\u2019 retocha\r\nA infante com vergonha\r\nDe mandar acender tocha\r\nPrimeiro que sol se ponha.\r\n\r\nin.: <a href=\"http:\/\/purl.pt\/12096\/5\/\">RESENDE, Garcia de,<em> Cancioneiro Geral de Garcia de Resende, <\/em>Lisboa, por Hernan de Campos, 1516, fl.<\/a>\r\n<\/pre>\n<p><strong>BIBLIOGRAFIA <\/strong><\/p>\n<p>DIAS, Aida Fernanda, <em>Cancioneiro Geral de Garcia de Resende, <\/em>Lisboa, Imprensa Nacional \u2013 Casa da Moeda, 1993, vol. III, 600, p. 276.<\/p>\n<p>DIAS Ainda Fernanda \u201cAs mulheres nas letras portuguesas medievais\u201d <em>Santa Barbara Portuguese Studies, First series, <\/em>volume III, 1996, p. 12.<\/p>\n<p><a href=\"http:\/\/purl.pt\/12096\/5\/\">RESENDE, Garcia de, <em>Cancioneiro Geral de Garcia de Resende, <\/em>Lisboa, por Herm\u00e3 de Campos, 1516, fl.<\/a><\/p>\n<p>SAMARTIN, Roberto Lopez-Iglesias, <em>A dona do tempo antigo. Mulher e campo liter\u00e1rio no Renascimento portugu\u00eas (1495-1557), <\/em>Santiago de Compostela, Edicions Laiovento, 2003.<\/p>\n<p>S\u00c1NCHEZ TARR\u00cdO, Ana Maria \u201c<em>\u0168 amor demasiado. <\/em>Sobre a carta de amor em verso\u2019 in Jos\u00e9 Lu\u00eds Rodr\u00edguez (ed.), <em>In honorem Ricardo Carbalho Calero<\/em>, Santiago de Compostela, Parlamento de Galicia, Universidade de Santiago, 2000, volume II, pp. 663-676.<\/p>\n<p>SOUSA, Manuel Caetano de, <em>Hist\u00f3ria Geneal\u00f3gica da Casa Real Portuguesa, <\/em>Coimbra, Livraria Atl\u00e2ntida, 1951<\/p>\n","protected":false},"excerpt":{"rendered":"<p>NOME Maria da Cunha Dados biogr\u00e1ficos DATA DE NASCIMENTO s\u00e9culo XV INSTITUI\u00c7\u00d5ES QUE FREQUENTOU Corte de D. Afonso V Profiss\u00e3o \/ cargo \/ fun\u00e7\u00e3o Donzela da Senhora D. Filipa d\u2019Almada DATA DA MORTE s\u00e9culo XVI Obra OBRAS IMPRESSAS Sem v\u2019 ver nel laa estar Vede se s\u00e3o adevinha, Quis cem vezes aa cozinha Por v\u2019 &#8230; <a title=\"Maria da Cunha\" class=\"read-more\" href=\"https:\/\/escritoras-em-portugues.com\/pt_pt\/xv\/maria-da-cunha\/\" aria-label=\"Leia mais sobre Maria da Cunha\">Ler mais<\/a><\/p>\n","protected":false},"author":2,"featured_media":0,"parent":43,"menu_order":0,"comment_status":"closed","ping_status":"closed","template":"","meta":{"cybocfi_hide_featured_image":"","footnotes":""},"class_list":["post-630","page","type-page","status-publish"],"_links":{"self":[{"href":"https:\/\/escritoras-em-portugues.com\/pt_pt\/wp-json\/wp\/v2\/pages\/630","targetHints":{"allow":["GET"]}}],"collection":[{"href":"https:\/\/escritoras-em-portugues.com\/pt_pt\/wp-json\/wp\/v2\/pages"}],"about":[{"href":"https:\/\/escritoras-em-portugues.com\/pt_pt\/wp-json\/wp\/v2\/types\/page"}],"author":[{"embeddable":true,"href":"https:\/\/escritoras-em-portugues.com\/pt_pt\/wp-json\/wp\/v2\/users\/2"}],"replies":[{"embeddable":true,"href":"https:\/\/escritoras-em-portugues.com\/pt_pt\/wp-json\/wp\/v2\/comments?post=630"}],"version-history":[{"count":1,"href":"https:\/\/escritoras-em-portugues.com\/pt_pt\/wp-json\/wp\/v2\/pages\/630\/revisions"}],"predecessor-version":[{"id":1742,"href":"https:\/\/escritoras-em-portugues.com\/pt_pt\/wp-json\/wp\/v2\/pages\/630\/revisions\/1742"}],"up":[{"embeddable":true,"href":"https:\/\/escritoras-em-portugues.com\/pt_pt\/wp-json\/wp\/v2\/pages\/43"}],"wp:attachment":[{"href":"https:\/\/escritoras-em-portugues.com\/pt_pt\/wp-json\/wp\/v2\/media?parent=630"}],"curies":[{"name":"wp","href":"https:\/\/api.w.org\/{rel}","templated":true}]}}

<p><strong>NOME</strong> Maria da Cunha</p>
<p><strong>Dados biográficos</strong></p>
<p><strong>DATA DE NASCIMENTO</strong> século XV<br />
<strong>INSTITUIÇÕES QUE FREQUENTOU</strong> Corte de D. Afonso V<br />
<strong>Profissão / cargo / função </strong> Donzela da Senhora D. Filipa d’Almada<br />
<strong>DATA DA MORTE</strong> século XVI</p>
<p><strong>Obra</strong></p>
<p><strong>OBRAS IMPRESSAS</strong></p>
<pre>Sem v’ ver nel laa estar
Vede se são adevinha,
Quis cem vezes aa cozinha
Por v’ mais negoçear.
E sei que jaa v’ retocha
A infante com vergonha
De mandar acender tocha
Primeiro que sol se ponha.

in.: <a href="http://purl.pt/12096/5/">RESENDE, Garcia de,<em> Cancioneiro Geral de Garcia de Resende, </em>Lisboa, por Hernan de Campos, 1516, fl.</a>
</pre>
<p><strong>BIBLIOGRAFIA </strong></p>
<p>DIAS, Aida Fernanda, <em>Cancioneiro Geral de Garcia de Resende, </em>Lisboa, Imprensa Nacional – Casa da Moeda, 1993, vol. III, 600, p. 276.</p>
<p>DIAS Ainda Fernanda “As mulheres nas letras portuguesas medievais” <em>Santa Barbara Portuguese Studies, First series, </em>volume III, 1996, p. 12.</p>
<p><a href="http://purl.pt/12096/5/">RESENDE, Garcia de, <em>Cancioneiro Geral de Garcia de Resende, </em>Lisboa, por Hermã de Campos, 1516, fl.</a></p>
<p>SAMARTIN, Roberto Lopez-Iglesias, <em>A dona do tempo antigo. Mulher e campo literário no Renascimento português (1495-1557), </em>Santiago de Compostela, Edicions Laiovento, 2003.</p>
<p>SÁNCHEZ TARRÍO, Ana Maria “<em>Ũ amor demasiado. </em>Sobre a carta de amor em verso’ in José Luís Rodríguez (ed.), <em>In honorem Ricardo Carbalho Calero</em>, Santiago de Compostela, Parlamento de Galicia, Universidade de Santiago, 2000, volume II, pp. 663-676.</p>
<p>SOUSA, Manuel Caetano de, <em>História Genealógica da Casa Real Portuguesa, </em>Coimbra, Livraria Atlântida, 1951</p>

<p>NOME Maria da Cunha Dados biográficos DATA DE NASCIMENTO século XV INSTITUIÇÕES QUE FREQUENTOU Corte de D. Afonso V Profissão / cargo / função Donzela da Senhora D. Filipa d’Almada DATA DA MORTE século XVI Obra OBRAS IMPRESSAS Sem v’ ver nel laa estar Vede se são adevinha, Quis cem vezes aa cozinha Por v’ &#8230; <a title="Maria da Cunha" class="read-more" href="https://escritoras-em-portugues.com/pt_pt/xv/maria-da-cunha/" aria-label="Leia mais sobre Maria da Cunha">Ler mais</a></p>
