{"id":1106,"date":"2023-11-13T12:38:52","date_gmt":"2023-11-13T12:38:52","guid":{"rendered":"https:\/\/escritoras-em-portugues.com\/?page_id=1106"},"modified":"2024-06-04T22:37:00","modified_gmt":"2024-06-04T22:37:00","slug":"alice-moderno","status":"publish","type":"page","link":"https:\/\/escritoras-em-portugues.com\/pt_pt\/xix\/alice-moderno\/","title":{"rendered":"Alice Moderno"},"content":{"rendered":"<p><strong>NOME<\/strong> Alice Moderno<\/p>\n<p><strong>OUTROS NOMES<\/strong> Alice Augusta Pereira de Melo Maulaz Moderno<\/p>\n<p><strong>PSEUD\u00d3NIMOS<\/strong> Da Janela do Levante, Domin\u00f3 Preto, Ecila, Eurico, O Secular, Gavroche, Gil Di\u00e1volo, Gyp ou Veritas<\/p>\n<h4><strong>Elementos biogr\u00e1ficos<\/strong><\/h4>\n<p><strong>PAI<\/strong> Jo\u00e3o Rodrigues Pereira Moderno<\/p>\n<p><strong>M\u00c3E <\/strong>Celina Pereira de Melo Maulaz<\/p>\n<p><strong>DATA DE NASCIMENTO <\/strong>11 de agosto de 1867<\/p>\n<p><strong>LOCAL DE NASCIMENTO <\/strong>Paris, Fran\u00e7a<\/p>\n<p><strong>DATA DA MORTE <\/strong>20 de fevereiro de 1946<\/p>\n<p><strong>LOCAL DA MORTE\u00a0<\/strong>Ponta Delgada, A\u00e7ores<\/p>\n<div><span lang=\"PT\"><strong>PROFISS\u00c3O \/ CARGO \/ FUN\u00c7\u00c3O <\/strong>Directora do<i> Recreio das salas<\/i><\/span><\/div>\n<div><\/div>\n<h4><strong>Obra<\/strong><\/h4>\n<p><strong>OBRAS IMPRESSAS<\/strong><\/p>\n<blockquote>\n<p style=\"font-weight: 400;\"><em>Adeus! Despedida da actriz Chrimilda Augusta da Silva Gomes. Ao publico michaelense<\/em>. Ponta Delgada, typ. A\u00e7oriano Oriental, 1885.<\/p>\n<p style=\"font-weight: 400;\"><em>Aspira\u00e7\u00f5es, Primeiros versos,<\/em> Ponta Delgada, typ. Popular 1886.<\/p>\n<p style=\"font-weight: 400;\"><em>Trillos. Poesias,<\/em>\u00a0Ponta Delgada, typ. Popular, 1888. <em>\u00a0<\/em><\/p>\n<p style=\"font-weight: 400;\"><em>O dr. Luis Sandoval,<\/em> Romance, Ponta Delgada, typ. e lith. Minerva, 1892. <em>\u00a0<\/em><\/p>\n<p style=\"font-weight: 400;\"><em>Os Martyres do Amor,<\/em> Lisboa, typ. da Companhia Nacional Editora, 1894.<\/p>\n<\/blockquote>\n<p><strong>Colabora\u00e7\u00e3o na Imprensa Peri\u00f3dica<\/strong><\/p>\n<pre><i>Carteira do Viajante (<\/i>1882)\r\n\r\n<i>Correio Micaelense<\/i>\r\n\r\n<i>Revista Pedag\u00f3gica<\/i>\r\n\r\n<em>Di\u00e1rio dos A\u00e7ores<\/em>\r\n\r\n<i>A Persuas\u00e3o<\/i>\r\n\r\n<em>A Madrugada<\/em>\r\n\r\n<em>Novidades<\/em>\r\n\r\n<em>O S\u00e9culo<\/em>\r\n\r\n<em>Revista de Portugal<\/em>\r\n\r\n<i>Bouquet Liter\u00e1rio (<\/i>1885)\r\n\r\n<i>A Alvorada (<\/i>1887)\r\n\r\n<i>A Apoteose <\/i>(19\/10\/1887)\r\n\r\n<i>Gazeta das Salas <\/i>(30\/1\/1890)\r\n\r\n<i>A Festa das Crian\u00e7as <\/i>(18\/10\/1891)\r\n\r\n<i>Nova Alvorada <\/i>(1891-1903)\r\n\r\n<i>Almanaque das Senhoras<\/i>\u00a0(1896, 1899, 1903, 1904, 1913-1919, 1923)\r\n\r\n<i>Almanaque Micaelense (<\/i>1928-1934)\r\n\r\n<i>Almanaque Anu\u00e1rio Micaelense (<\/i>1940)\r\n\r\n<i>A Cr\u00f3nica (<\/i>1900-1906)\r\n\r\n<i>O Pa\u00eds (<\/i>1901-1904)\r\n\r\n<i>Revista de Lisboa <\/i>(1901-1909)\r\n\r\n<i>Folha da Sauda\u00e7\u00e3o <\/i>(1902)\r\n\r\n<i>A Sociedade Futura <\/i>(1902-1904)\r\n\r\n<i>\u00c1lbum A\u00e7oriano (<\/i>1903)\r\n\r\n<em>Jornal das Senhoras<\/em> (1904-1905)\r\n\r\n<em>Alma Feminina<\/em> (1907-1908)\r\n\r\n<i>O Domingo;<\/i>(1909-1911)\r\n\r\n<i>Com\u00e9dia (<\/i>1910)\r\n\r\n<i>L\u00edmia (<\/i>1910-1911)\r\n\r\n<i>Atl\u00e2ntico ;(<\/i>1916-1920)\r\n\r\n<i>Revista Micaelense (<\/i>1918-1921)\r\n\r\n<i>Os A\u00e7ores (<\/i>1922-1924, 1928)\r\n\r\n<i>O Despertar de Angeja (<\/i>1924-1927)\r\n\r\n<i>O Instituto Coimbra<\/i>\r\n\r\nPortugal Feminino\r\n\r\n<i>A Leitura (<\/i>1932)\r\n\r\n<i>\u00cdnsula <\/i>(c. 1930)\r\n\r\n<i>Viagem. Revista de turismo, divulga\u00e7\u00e3o e cultura (<\/i>1942)\r\n\r\nO Primeiro de Janeiro (1943)\r\n\r\n\r\n<\/pre>\n<p><strong>Dire\u00e7\u00e3o de publica\u00e7\u00f5es peri\u00f3dicas<\/strong><\/p>\n<pre><i>O Recreio das Salas <\/i>(1888-1889)\r\n\r\n<i>Di\u00e1rio dos A\u00e7ores<\/i>\r\n\r\n<i>A Folha <\/i>5\/10\/1902-15\/4\/1917)\r\n\r\n<i>Di\u00e1rio de An\u00fancios<\/i>, Ponta Delgada (1892-?)\r\n\r\n\r\n<\/pre>\n<h4><strong>Bibliografia:<\/strong><\/h4>\n<p>AIRES, Fernando, <i>Alice Moderno \u2013 A Mulher e a Obra<\/i>, Separata da revista <i>Insulana<\/i>, vol. XLI, 1985.<\/p>\n<p style=\"font-weight: 400;\">ALBERGARIA,\u00a0 Miguel\u00a0 Soares\u00a0 de, &#8220;Da\u00a0 rea\u00e7\u00e3o\u00a0 \u00e0\u00a0 figura\u00a0 e\u00a0 obra\u00a0 de\u00a0 Alice Moderno: notas \u00e0 quest\u00e3o da influ\u00eancia das minorias sobre as maiorias&#8221;, \u00a0<em>Insulana.<\/em> <em>\u00d3rg\u00e3o<\/em> <em>do<\/em> <em>Instituto<\/em> <em>Cultural<\/em> <em>de<\/em> <em>Ponta<\/em> <em>Delgada<\/em>, Vol. 61, 2005, pp. 125-131.<\/p>\n<p>BRAGA, Te\u00f3filo Jos\u00e9, <span class=\"reference-text\"><cite class=\"citation book\"><i>Alice Moderno (1867 1946): Apontamentos sobre a Vida e a Obra, <\/i><em>\u00a0<\/em><\/cite><\/span>2018.<\/p>\n<p>BRAGA, Paulo Drumond,\u00a0<em>Filhas de Safo, <\/em>2012<\/p>\n<p style=\"font-weight: 400;\">CANTO, Ernesto, <em>Bibliotheca a\u00e7oriana<\/em>, Ponta Delgada, Typografia do Archivo dos A\u00e7ores, 1890-1900, 2 vols.<\/p>\n<p><a href=\"https:\/\/archive.org\/details\/poetisasportugue00carduoft\">CARDOSO, Cardoso, Nuno Catharino, <em>Poetisas Portuguesas. Antologia contendo dados bibliogr\u00e1ficos e biogr\u00e1ficos acerca de cento e seis poetisas, <\/em>Lisboa, N. C. Cardoso, 1917.<\/a><\/p>\n<p style=\"font-weight: 400;\"><a href=\"https:\/\/www.cepese.pt\/portal\/pt\/publicacoes\/obras\/arte-cultura-e-patrimonio-do-romantismo-actas-do-2-o-coloquio-201csaudade-perpetua201d\/alice-moderno-e-maria-evelina-de-sousa-mulheres-a-frente-do-seu-tempo\">COUTO, Joana M. e Vit\u00f3ria C. RAPOSO, \u201cAlice Moderno e Maria Evelina de Sousa: mulheres \u00e0 frente do seu tempo\u201d <em>Actas do 2\u00ba Col\u00f3quio \u201cSaudade Perp\u00e9tua\u201d<\/em> pp. 264-289<\/a><\/p>\n<p>ENES, Carlos &#8220;Alice Augusta Pereira de Melo Maulaz Moderno&#8221; in.: N\u00d3VOA, Ant\u00f3nio (coord.) &#8220;Alice Moderno&#8221; <em>Dicion\u00e1rio de Educadores Portugueses, <\/em>Porto, Edi\u00e7\u00f5es ASA, 2003, pp. 925-926.<\/p>\n<p style=\"font-weight: 400;\">ESTEVES,\u00a0 Jo\u00e3o\u00a0 Gomes, <em>A\u00a0 Liga\u00a0 Republicana\u00a0 das\u00a0 Mulheres\u00a0 Portuguesas:\u00a0 uma <\/em><em>Organiza\u00e7\u00e3o<\/em> <em>pol\u00edtica<\/em> <em>e<\/em> <em>feminista<\/em> <em>(1909-1919)<\/em><em>,<\/em> Lisboa, Comiss\u00e3o para a Igualdade e para os Direitos das Mulheres, Gr\u00e1fica 2000, 1991.<\/p>\n<p>ESTEVES, Jo\u00e3o, &#8220;Alice Augusta Pereira de Melo Maulaz Moderno&#8221; in.: CASTRO,\u00a0 Z\u00edlia\u00a0 Maria\u00a0 Os\u00f3rio\u00a0 de\u00a0 e\u00a0 ESTEVES,\u00a0 Jo\u00e3o\u00a0 (dir.)\u00a0 Dicion\u00e1rio no Feminino(s\u00e9culos XIX-XX) Lisboa<span lang=\"PT\">, <\/span>Livros Horizonte, 2005, pp. 43-45.<\/p>\n<p style=\"font-weight: 400;\">GREG\u00d3RIO,\u00a0 Rute\u00a0 Dias, <em>Alice<\/em> <em>Moderno:<\/em> <em>cidadania<\/em> <em>e<\/em> <em>interven\u00e7\u00e3o<\/em> <em>(1867-<\/em><em>1946)<\/em> <em>[cat\u00e1logo<\/em> <em>de<\/em> <em>exposi\u00e7\u00e3o]<\/em><em>,<\/em> Ponta Delgada, Dire\u00e7\u00e3o Regional da Cultura e BPARPD, 2015.<\/p>\n<p>LEAL, Gomes, &#8220;Alice Moderno&#8221;, <i>Sociedade Futura, <\/i>n\u00ba 7, 1902.<\/p>\n<p>PIRES, Daniel, <em>Dicion\u00e1rio da Imprensa Peri\u00f3dica Liter\u00e1ria Portuguesa do S\u00e9culo XX (1900-1940)<\/em>, Lisboa, Grifo, 1996.<\/p>\n<p style=\"font-weight: 400;\">SILVA, Innocencio da (e Brito Aranha), <em>Dicion\u00e1rio Bibliographico Portuguez,<\/em> Lisboa, Imprensa Nacional, 1858, vol XIX, p. 146.<\/p>\n<p style=\"font-weight: 400;\">SALVADO, Ant\u00f3nio, <em>Antologia das Mulheres Poetas Portuguesas,<\/em> Lisboa, Delfos, 1952.<\/p>\n<p style=\"font-weight: 400;\">VASCONCELLOS, Breno de, <em>Paz<\/em> <em>cinzenta&#8230;<\/em> <em>Os<\/em> <em>A\u00e7ores<\/em> <em>atrav\u00e9s<\/em> <em>de<\/em> <em>algumas <\/em><em>figuras<\/em> <em>e epis\u00f3dios de uma \u00e9poca<\/em>, Lisboa, 1979, pp. 31-35.<\/p>\n<p style=\"font-weight: 400;\">VILHENA, Maria da Concei\u00e7\u00e3o, <em>Joaquim<\/em><em> d<\/em><em>e<\/em> <em>Ara\u00fajo,<\/em> <em>di\u00e1logo<\/em> <em>epistolar<\/em> <em>com<\/em> <em>Alice<\/em> <em>Moderno: da literatura ao amor frustado<\/em>, C\u00e3o menor, 2008.<\/p>\n<p style=\"font-weight: 400;\">VILHENA,\u00a0 Maria\u00a0 da\u00a0 Concei\u00e7\u00e3o, \u00a0<em>Uma\u00a0 mulher\u00a0 pioneira:\u00a0 ideias,\u00a0 interven\u00e7\u00e3o\u00a0 e\u00a0 <\/em><em>ac\u00e7\u00e3o de Alice Moderno<\/em>, Lisboa, Edi\u00e7\u00f5es Salamandra, 2001.<\/p>\n<p>VILHENA, Maria da Concei\u00e7\u00e3o, \u00a0<i>Alice <\/i><em>Moder<\/em><i>no. A Mulher e a Obra, <\/i>Angra do Heroismo, Secretaria Regional EC, 1987<\/p>\n<p>VILHENA, Maria da Concei\u00e7\u00e3o, <i>Alice Moderno e a Inova\u00e7\u00e3o<\/i>, Editorial Ilha Nova, 1988.<\/p>\n","protected":false},"excerpt":{"rendered":"<p>NOME Alice Moderno OUTROS NOMES Alice Augusta Pereira de Melo Maulaz Moderno PSEUD\u00d3NIMOS Da Janela do Levante, Domin\u00f3 Preto, Ecila, Eurico, O Secular, Gavroche, Gil Di\u00e1volo, Gyp ou Veritas Elementos biogr\u00e1ficos PAI Jo\u00e3o Rodrigues Pereira Moderno M\u00c3E Celina Pereira de Melo Maulaz DATA DE NASCIMENTO 11 de agosto de 1867 LOCAL DE NASCIMENTO Paris, Fran\u00e7a &#8230; <a title=\"Alice Moderno\" class=\"read-more\" href=\"https:\/\/escritoras-em-portugues.com\/pt_pt\/xix\/alice-moderno\/\" aria-label=\"Leia mais sobre Alice Moderno\">Ler mais<\/a><\/p>\n","protected":false},"author":3,"featured_media":0,"parent":48,"menu_order":0,"comment_status":"closed","ping_status":"closed","template":"","meta":{"cybocfi_hide_featured_image":"","footnotes":""},"class_list":["post-1106","page","type-page","status-publish"],"_links":{"self":[{"href":"https:\/\/escritoras-em-portugues.com\/pt_pt\/wp-json\/wp\/v2\/pages\/1106","targetHints":{"allow":["GET"]}}],"collection":[{"href":"https:\/\/escritoras-em-portugues.com\/pt_pt\/wp-json\/wp\/v2\/pages"}],"about":[{"href":"https:\/\/escritoras-em-portugues.com\/pt_pt\/wp-json\/wp\/v2\/types\/page"}],"author":[{"embeddable":true,"href":"https:\/\/escritoras-em-portugues.com\/pt_pt\/wp-json\/wp\/v2\/users\/3"}],"replies":[{"embeddable":true,"href":"https:\/\/escritoras-em-portugues.com\/pt_pt\/wp-json\/wp\/v2\/comments?post=1106"}],"version-history":[{"count":11,"href":"https:\/\/escritoras-em-portugues.com\/pt_pt\/wp-json\/wp\/v2\/pages\/1106\/revisions"}],"predecessor-version":[{"id":1885,"href":"https:\/\/escritoras-em-portugues.com\/pt_pt\/wp-json\/wp\/v2\/pages\/1106\/revisions\/1885"}],"up":[{"embeddable":true,"href":"https:\/\/escritoras-em-portugues.com\/pt_pt\/wp-json\/wp\/v2\/pages\/48"}],"wp:attachment":[{"href":"https:\/\/escritoras-em-portugues.com\/pt_pt\/wp-json\/wp\/v2\/media?parent=1106"}],"curies":[{"name":"wp","href":"https:\/\/api.w.org\/{rel}","templated":true}]}}

<p><strong>NOME</strong> Alice Moderno</p>
<p><strong>OUTROS NOMES</strong> Alice Augusta Pereira de Melo Maulaz Moderno</p>
<p><strong>PSEUDÓNIMOS</strong> Da Janela do Levante, Dominó Preto, Ecila, Eurico, O Secular, Gavroche, Gil Diávolo, Gyp ou Veritas</p>
<h4><strong>Elementos biográficos</strong></h4>
<p><strong>PAI</strong> João Rodrigues Pereira Moderno</p>
<p><strong>MÃE </strong>Celina Pereira de Melo Maulaz</p>
<p><strong>DATA DE NASCIMENTO </strong>11 de agosto de 1867</p>
<p><strong>LOCAL DE NASCIMENTO </strong>Paris, França</p>
<p><strong>DATA DA MORTE </strong>20 de fevereiro de 1946</p>
<p><strong>LOCAL DA MORTE </strong>Ponta Delgada, Açores</p>
<div><span lang="PT"><strong>PROFISSÃO / CARGO / FUNÇÃO </strong>Directora do<i> Recreio das salas</i></span></div>
<div></div>
<h4><strong>Obra</strong></h4>
<p><strong>OBRAS IMPRESSAS</strong></p>
<blockquote>
<p style="font-weight: 400;"><em>Adeus! Despedida da actriz Chrimilda Augusta da Silva Gomes. Ao publico michaelense</em>. Ponta Delgada, typ. Açoriano Oriental, 1885.</p>
<p style="font-weight: 400;"><em>Aspirações, Primeiros versos,</em> Ponta Delgada, typ. Popular 1886.</p>
<p style="font-weight: 400;"><em>Trillos. Poesias,</em> Ponta Delgada, typ. Popular, 1888. <em> </em></p>
<p style="font-weight: 400;"><em>O dr. Luis Sandoval,</em> Romance, Ponta Delgada, typ. e lith. Minerva, 1892. <em> </em></p>
<p style="font-weight: 400;"><em>Os Martyres do Amor,</em> Lisboa, typ. da Companhia Nacional Editora, 1894.</p>
</blockquote>
<p><strong>Colaboração na Imprensa Periódica</strong></p>
<pre><i>Carteira do Viajante (</i>1882)

<i>Correio Micaelense</i>

<i>Revista Pedagógica</i>

<em>Diário dos Açores</em>

<i>A Persuasão</i>

<em>A Madrugada</em>

<em>Novidades</em>

<em>O Século</em>

<em>Revista de Portugal</em>

<i>Bouquet Literário (</i>1885)

<i>A Alvorada (</i>1887)

<i>A Apoteose </i>(19/10/1887)

<i>Gazeta das Salas </i>(30/1/1890)

<i>A Festa das Crianças </i>(18/10/1891)

<i>Nova Alvorada </i>(1891-1903)

<i>Almanaque das Senhoras</i> (1896, 1899, 1903, 1904, 1913-1919, 1923)

<i>Almanaque Micaelense (</i>1928-1934)

<i>Almanaque Anuário Micaelense (</i>1940)

<i>A Crónica (</i>1900-1906)

<i>O País (</i>1901-1904)

<i>Revista de Lisboa </i>(1901-1909)

<i>Folha da Saudação </i>(1902)

<i>A Sociedade Futura </i>(1902-1904)

<i>Álbum Açoriano (</i>1903)

<em>Jornal das Senhoras</em> (1904-1905)

<em>Alma Feminina</em> (1907-1908)

<i>O Domingo;</i>(1909-1911)

<i>Comédia (</i>1910)

<i>Límia (</i>1910-1911)

<i>Atlântico ;(</i>1916-1920)

<i>Revista Micaelense (</i>1918-1921)

<i>Os Açores (</i>1922-1924, 1928)

<i>O Despertar de Angeja (</i>1924-1927)

<i>O Instituto Coimbra</i>

Portugal Feminino

<i>A Leitura (</i>1932)

<i>Ínsula </i>(c. 1930)

<i>Viagem. Revista de turismo, divulgação e cultura (</i>1942)

O Primeiro de Janeiro (1943)


</pre>
<p><strong>Direção de publicações periódicas</strong></p>
<pre><i>O Recreio das Salas </i>(1888-1889)

<i>Diário dos Açores</i>

<i>A Folha </i>5/10/1902-15/4/1917)

<i>Diário de Anúncios</i>, Ponta Delgada (1892-?)


</pre>
<h4><strong>Bibliografia:</strong></h4>
<p>AIRES, Fernando, <i>Alice Moderno – A Mulher e a Obra</i>, Separata da revista <i>Insulana</i>, vol. XLI, 1985.</p>
<p style="font-weight: 400;">ALBERGARIA,  Miguel  Soares  de, &#8220;Da  reação  à  figura  e  obra  de  Alice Moderno: notas à questão da influência das minorias sobre as maiorias&#8221;,  <em>Insulana.</em> <em>Órgão</em> <em>do</em> <em>Instituto</em> <em>Cultural</em> <em>de</em> <em>Ponta</em> <em>Delgada</em>, Vol. 61, 2005, pp. 125-131.</p>
<p>BRAGA, Teófilo José, <span class="reference-text"><cite class="citation book"><i>Alice Moderno (1867 1946): Apontamentos sobre a Vida e a Obra, </i><em> </em></cite></span>2018.</p>
<p>BRAGA, Paulo Drumond, <em>Filhas de Safo, </em>2012</p>
<p style="font-weight: 400;">CANTO, Ernesto, <em>Bibliotheca açoriana</em>, Ponta Delgada, Typografia do Archivo dos Açores, 1890-1900, 2 vols.</p>
<p><a href="https://archive.org/details/poetisasportugue00carduoft">CARDOSO, Cardoso, Nuno Catharino, <em>Poetisas Portuguesas. Antologia contendo dados bibliográficos e biográficos acerca de cento e seis poetisas, </em>Lisboa, N. C. Cardoso, 1917.</a></p>
<p style="font-weight: 400;"><a href="https://www.cepese.pt/portal/pt/publicacoes/obras/arte-cultura-e-patrimonio-do-romantismo-actas-do-2-o-coloquio-201csaudade-perpetua201d/alice-moderno-e-maria-evelina-de-sousa-mulheres-a-frente-do-seu-tempo">COUTO, Joana M. e Vitória C. RAPOSO, “Alice Moderno e Maria Evelina de Sousa: mulheres à frente do seu tempo” <em>Actas do 2º Colóquio “Saudade Perpétua”</em> pp. 264-289</a></p>
<p>ENES, Carlos &#8220;Alice Augusta Pereira de Melo Maulaz Moderno&#8221; in.: NÓVOA, António (coord.) &#8220;Alice Moderno&#8221; <em>Dicionário de Educadores Portugueses, </em>Porto, Edições ASA, 2003, pp. 925-926.</p>
<p style="font-weight: 400;">ESTEVES,  João  Gomes, <em>A  Liga  Republicana  das  Mulheres  Portuguesas:  uma </em><em>Organização</em> <em>política</em> <em>e</em> <em>feminista</em> <em>(1909-1919)</em><em>,</em> Lisboa, Comissão para a Igualdade e para os Direitos das Mulheres, Gráfica 2000, 1991.</p>
<p>ESTEVES, João, &#8220;Alice Augusta Pereira de Melo Maulaz Moderno&#8221; in.: CASTRO,  Zília  Maria  Osório  de  e  ESTEVES,  João  (dir.)  Dicionário no Feminino(séculos XIX-XX) Lisboa<span lang="PT">, </span>Livros Horizonte, 2005, pp. 43-45.</p>
<p style="font-weight: 400;">GREGÓRIO,  Rute  Dias, <em>Alice</em> <em>Moderno:</em> <em>cidadania</em> <em>e</em> <em>intervenção</em> <em>(1867-</em><em>1946)</em> <em>[catálogo</em> <em>de</em> <em>exposição]</em><em>,</em> Ponta Delgada, Direção Regional da Cultura e BPARPD, 2015.</p>
<p>LEAL, Gomes, &#8220;Alice Moderno&#8221;, <i>Sociedade Futura, </i>nº 7, 1902.</p>
<p>PIRES, Daniel, <em>Dicionário da Imprensa Periódica Literária Portuguesa do Século XX (1900-1940)</em>, Lisboa, Grifo, 1996.</p>
<p style="font-weight: 400;">SILVA, Innocencio da (e Brito Aranha), <em>Dicionário Bibliographico Portuguez,</em> Lisboa, Imprensa Nacional, 1858, vol XIX, p. 146.</p>
<p style="font-weight: 400;">SALVADO, António, <em>Antologia das Mulheres Poetas Portuguesas,</em> Lisboa, Delfos, 1952.</p>
<p style="font-weight: 400;">VASCONCELLOS, Breno de, <em>Paz</em> <em>cinzenta&#8230;</em> <em>Os</em> <em>Açores</em> <em>através</em> <em>de</em> <em>algumas </em><em>figuras</em> <em>e episódios de uma época</em>, Lisboa, 1979, pp. 31-35.</p>
<p style="font-weight: 400;">VILHENA, Maria da Conceição, <em>Joaquim</em><em> d</em><em>e</em> <em>Araújo,</em> <em>diálogo</em> <em>epistolar</em> <em>com</em> <em>Alice</em> <em>Moderno: da literatura ao amor frustado</em>, Cão menor, 2008.</p>
<p style="font-weight: 400;">VILHENA,  Maria  da  Conceição,  <em>Uma  mulher  pioneira:  ideias,  intervenção  e  </em><em>acção de Alice Moderno</em>, Lisboa, Edições Salamandra, 2001.</p>
<p>VILHENA, Maria da Conceição,  <i>Alice </i><em>Moder</em><i>no. A Mulher e a Obra, </i>Angra do Heroismo, Secretaria Regional EC, 1987</p>
<p>VILHENA, Maria da Conceição, <i>Alice Moderno e a Inovação</i>, Editorial Ilha Nova, 1988.</p>

<p>NOME Alice Moderno OUTROS NOMES Alice Augusta Pereira de Melo Maulaz Moderno PSEUDÓNIMOS Da Janela do Levante, Dominó Preto, Ecila, Eurico, O Secular, Gavroche, Gil Diávolo, Gyp ou Veritas Elementos biográficos PAI João Rodrigues Pereira Moderno MÃE Celina Pereira de Melo Maulaz DATA DE NASCIMENTO 11 de agosto de 1867 LOCAL DE NASCIMENTO Paris, França &#8230; <a title="Alice Moderno" class="read-more" href="https://escritoras-em-portugues.com/pt_pt/xix/alice-moderno/" aria-label="Leia mais sobre Alice Moderno">Ler mais</a></p>
