{"id":1168,"date":"2023-11-18T18:35:37","date_gmt":"2023-11-18T18:35:37","guid":{"rendered":"https:\/\/escritoras-em-portugues.com\/?page_id=1168"},"modified":"2024-06-04T21:55:20","modified_gmt":"2024-06-04T21:55:20","slug":"paula-da-graca","status":"publish","type":"page","link":"https:\/\/escritoras-em-portugues.com\/en\/xvii\/paula-da-graca\/","title":{"rendered":"Paula da Gra\u00e7a"},"content":{"rendered":"<p><strong>NOME <\/strong><span lang=\"PT\">Paula da Gra\u00e7a<\/span><\/p>\n<h4><strong>Elementos biogr\u00e1ficos<\/strong><\/h4>\n<div><b><span lang=\"PT\">LOCAL DE NASCIMENTO \u00a0<\/span><\/b><span lang=\"PT\">Cabanas, Alenquer<\/span><\/div>\n<div><\/div>\n<p><strong>DATA DE NASCIMENTO<\/strong>\u00a0 S\u00e9culo XVIII?<\/p>\n<p><strong>DATA DA MORTE<\/strong>\u00a0 S\u00e9culo XVIII<\/p>\n<div><b><span lang=\"PT\">ESTADO <\/span><\/b><span lang=\"PT\">Solteira<\/span><\/div>\n<div><\/div>\n<h4><strong>Obra<\/strong><\/h4>\n<p><strong>OBRAS IMPRESSAS<\/strong><\/p>\n<blockquote>\n<p style=\"font-weight: 400;\"><em>Bondade das Mulheres Vendicada e Mal\u00edcia dos Homens Manifesta, <\/em>Lisboa, Na Officina de Bernardo da Costa de Carvalho, 1715<\/p>\n<p style=\"font-weight: 400;\"><em>Bondade das Mulheres Vendicada e Mal\u00edcia dos Homens Manifesta, <\/em>Lisboa, Officina de Ant\u00f3nio Gomes, 1793<\/p>\n<p style=\"font-weight: 400;\"><em>\u00a0<\/em><em>Bondade das Mulheres Vendicada e Mal\u00edcia dos Homens Manifesta, <\/em>Lisboa, Officina de Pedro Ferreira,1841<\/p>\n<p style=\"font-weight: 400;\"><em>Bondade das Mulheres Vendicada e Mal\u00edcia dos Homens Manifesta, <\/em>Lisboa, Officina de Pedro Ferreira,1843<\/p>\n<\/blockquote>\n<h4><strong>Bibliografia:<\/strong><\/h4>\n<p style=\"font-weight: 400;\">ANAST\u00c1CIO, Vanda <em>Uma Antologia Improv\u00e1vel? A escrita das mulheres (1495-1830), <\/em>com a colabora\u00e7\u00e3o In\u00eas de Ornellas e Castro, Jos\u00e9 F\u00e9lix Duque, de Pedro Sena Lino, Isabel Moruj\u00e3o e Hugo Neto, Lisboa, Rel\u00f3gio de \u00c1gua, 2013<\/p>\n<p style=\"font-weight: 400;\">ANAST\u00c1CIO, Vanda \u00abNotes on the <em>Querelle des femmes <\/em>in eighteenth-century Portugal\u00bb <em>Portuguese Studies, <\/em>volume 31, Number\u00a01, MHRA, 2015, \u00a0pp. 49-61.<\/p>\n<p style=\"font-weight: 400;\">ARMADA, Fina D\u2019, <em>O L<\/em><em>ivro Feminista De 1715. O Primeiro Grito Revolucion\u00e1rio, <\/em>Rio Tinto, Evolua Edi\u00e7\u00f5es, 2005<\/p>\n<p style=\"font-weight: 400;\">FIGUEIREDO, Violeta Crespo, \u201cPap\u00e9is volantes do s\u00e9culo XVIII. 5 Mulher\u201d, <em>Hist\u00f3ria, <\/em>Lisboa (5) Mar\u00e7o 1979, pp. 54-64.<\/p>\n<p style=\"font-weight: 400;\"><a href=\"https:\/\/estudogeral.uc.pt\/bitstream\/10316\/88910\/1\/Lopes,%20M.A.Da%20igualdade%20entre%20os%20sexos%20e%20da%20opress\u00e3o%20das%20mulheres.Alega\u00e7\u00f5es%20de%20uma%20portuguesa%20em%201715.Paula%20da%20Graca.pdf\">LOPES, Maria Ant\u00f3nia, \u201cDa igualdade entre os sexos e da opressa\u0303o das mulheres: alegac\u0327o\u0303es de uma portuguesa em 1715\u201d in <em>Primeiros textos sobre igualdade e dignidade humanas<\/em>, coordenado por Daniel Pires, Fernando Machado, Jose\u0301 Eduardo Franco, Margarida Seixas, Maria Anto\u0301nia Lopes, Paulo de Assunc\u0327a\u0303o, Pedro Calafate, Ricardo Ventura e Susana Alves-Dias (vol. 14 de <em>Obras Pioneiras da Cultura Portuguesa<\/em>), Lisboa, Ci\u0301rculo de Leitores, 2019, pp. 60-66.<\/a>\u00a0<b><\/b><\/p>\n<p style=\"font-weight: 400;\"><a href=\"https:\/\/www.thefreelibrary.com\/Nao+sao+femeas%2c+ou+machos+as+almas+com+distincao%3a+estrategias+de...-a0472005160\">MARQUES, Pedro Miguel Reboredo, \u201c\u2019N\u00e3o s\u00e3o f\u00eameas ou machos as almas com distin\u00e7\u00e3o\u2019: Estrat\u00e9gias de valoriza\u00e7\u00e3o da mulher em pap\u00e9is volantes setecentistas\u201d <em>Portuguese Studies Review, <\/em>vol. 13, n\u00ba 1-2, 2005 (publ. 2007), pp. 305-330.<\/a><\/p>\n<p style=\"font-weight: 400;\"><a href=\"https:\/\/umarmadeira.blogs.sapo.pt\/o-livro-feminista-de-1715-3310\">PEREIRA, Concei\u00e7\u00e3o, \u201cO livro Feminista de 1715\u201d UMAR Madeira<\/a><b><\/b><\/p>\n<p style=\"font-weight: 400;\">SALVADO, Ant\u00f3nio, <em>Antologia da Poesia Feminina Portuguesa, <\/em>[Fund\u00e3o], Edi\u00e7\u00f5es J. F., 1980 [eds: 1960, 1970, 1973], pp. 65-77.<\/p>\n<p style=\"font-weight: 400;\">SILVA, Regina Tavares da, \u201cFolhetos volantes sobre as mulheres\u201d Z\u00edlia Os\u00f3rio de Castro e Jo\u00e3o Esteves (coords.) <em>Dicion\u00e1rio no Feminino (s\u00e9culos XIX-XX), <\/em>Lisboa, Livros Horizonte, 2005, p.<\/p>\n<p style=\"font-weight: 400;\">SILVA, Regina Tavares da, \u201cO tema \u201cMulher\u201d em folhetos volantes portugueses\u201d\u00a0\u00a0 <em>A Mulher na Sociedade Portuguesa. Vis\u00e3o Hist\u00f3rica e Perspectivas Actuais, <\/em>Coimbra, Faculdade de Letras da Universidade de Coimbra, Instituto de Hist\u00f3ria Econ\u00f3mica e Social, 1986, p.<\/p>\n<p style=\"font-weight: 400;\"><a href=\"http:\/\/repositorio-aberto.up.pt\/bitstream\/10216\/20332\/2\/mestbetinaruizretorica000084981.pdf\">RUIZ, Betina dos Santos, <em>A Ret\u00f3rica da Mulher em Pol\u00e9micas de Folhetos de cordel do s\u00e9culo XVIII, <\/em>Porto, Faculdade de Letras da Universidade do Porto, 2009 (Disserta\u00e7\u00e3o de Mestrado)<\/a><\/p>\n<p style=\"font-weight: 400;\">TORRES FEIJ\u00d3<strong>,<\/strong> Elias, \u201cCartas apolog\u00e9ticas, cartas polemistas. As <em>Cartas Apolog\u00e9ticas<\/em> de Gertrudes Margarida de Jesus. Argumenta\u00e7om e inven\u00e7om\u201d in.: Vanda Anast\u00e1cio (coord.) <em>Correspond\u00eancias. Usos da Carta no s\u00e9culo XVIII<\/em>, Lisboa, Colibri, 2005, pp. 223-253.<\/p>\n<p style=\"font-weight: 400;\">VASCONCELOS, M\u00e1rio Cesariny (org.) <em>Horta da Literatura de Cordel: o continente submerso, o grande teatro do mundo, os sobreviventes do dil\u00favio, monstros nacionais, monstros estrangeiros,<\/em> Lisboa, Ass\u00edrio e Alvim, 1983, pp. 19 e ss.<\/p>\n<p>&nbsp;<\/p>\n<p style=\"font-weight: 400;\"><strong>OBSERVA\u00c7\u00d5ES <\/strong><\/p>\n<p style=\"font-weight: 400;\">\u201cAssistente na Corte\u201d<\/p>\n<p style=\"font-weight: 400;\">\n","protected":false},"excerpt":{"rendered":"<p>NOME Paula da Gra\u00e7a Elementos biogr\u00e1ficos LOCAL DE NASCIMENTO \u00a0Cabanas, Alenquer DATA DE NASCIMENTO\u00a0 S\u00e9culo XVIII? DATA DA MORTE\u00a0 S\u00e9culo XVIII ESTADO Solteira Obra OBRAS IMPRESSAS Bondade das Mulheres Vendicada e Mal\u00edcia dos Homens Manifesta, Lisboa, Na Officina de Bernardo da Costa de Carvalho, 1715 Bondade das Mulheres Vendicada e Mal\u00edcia dos Homens Manifesta, Lisboa, &#8230; <a title=\"Paula da Gra\u00e7a\" class=\"read-more\" href=\"https:\/\/escritoras-em-portugues.com\/en\/xvii\/paula-da-graca\/\" aria-label=\"Read more about Paula da Gra\u00e7a\">Read more<\/a><\/p>","protected":false},"author":3,"featured_media":0,"parent":47,"menu_order":0,"comment_status":"closed","ping_status":"closed","template":"","meta":{"cybocfi_hide_featured_image":"","footnotes":""},"class_list":["post-1168","page","type-page","status-publish"],"_links":{"self":[{"href":"https:\/\/escritoras-em-portugues.com\/en\/wp-json\/wp\/v2\/pages\/1168","targetHints":{"allow":["GET"]}}],"collection":[{"href":"https:\/\/escritoras-em-portugues.com\/en\/wp-json\/wp\/v2\/pages"}],"about":[{"href":"https:\/\/escritoras-em-portugues.com\/en\/wp-json\/wp\/v2\/types\/page"}],"author":[{"embeddable":true,"href":"https:\/\/escritoras-em-portugues.com\/en\/wp-json\/wp\/v2\/users\/3"}],"replies":[{"embeddable":true,"href":"https:\/\/escritoras-em-portugues.com\/en\/wp-json\/wp\/v2\/comments?post=1168"}],"version-history":[{"count":4,"href":"https:\/\/escritoras-em-portugues.com\/en\/wp-json\/wp\/v2\/pages\/1168\/revisions"}],"predecessor-version":[{"id":1811,"href":"https:\/\/escritoras-em-portugues.com\/en\/wp-json\/wp\/v2\/pages\/1168\/revisions\/1811"}],"up":[{"embeddable":true,"href":"https:\/\/escritoras-em-portugues.com\/en\/wp-json\/wp\/v2\/pages\/47"}],"wp:attachment":[{"href":"https:\/\/escritoras-em-portugues.com\/en\/wp-json\/wp\/v2\/media?parent=1168"}],"curies":[{"name":"wp","href":"https:\/\/api.w.org\/{rel}","templated":true}]}}

Paula da Graça

<p><strong>NOME </strong><span lang="PT">Paula da Graça</span></p>
<h4><strong>Elementos biográficos</strong></h4>
<div><b><span lang="PT">LOCAL DE NASCIMENTO  </span></b><span lang="PT">Cabanas, Alenquer</span></div>
<div></div>
<p><strong>DATA DE NASCIMENTO</strong>  Século XVIII?</p>
<p><strong>DATA DA MORTE</strong>  Século XVIII</p>
<div><b><span lang="PT">ESTADO </span></b><span lang="PT">Solteira</span></div>
<div></div>
<h4><strong>Obra</strong></h4>
<p><strong>OBRAS IMPRESSAS</strong></p>
<blockquote>
<p style="font-weight: 400;"><em>Bondade das Mulheres Vendicada e Malícia dos Homens Manifesta, </em>Lisboa, Na Officina de Bernardo da Costa de Carvalho, 1715</p>
<p style="font-weight: 400;"><em>Bondade das Mulheres Vendicada e Malícia dos Homens Manifesta, </em>Lisboa, Officina de António Gomes, 1793</p>
<p style="font-weight: 400;"><em> </em><em>Bondade das Mulheres Vendicada e Malícia dos Homens Manifesta, </em>Lisboa, Officina de Pedro Ferreira,1841</p>
<p style="font-weight: 400;"><em>Bondade das Mulheres Vendicada e Malícia dos Homens Manifesta, </em>Lisboa, Officina de Pedro Ferreira,1843</p>
</blockquote>
<h4><strong>Bibliografia:</strong></h4>
<p style="font-weight: 400;">ANASTÁCIO, Vanda <em>Uma Antologia Improvável? A escrita das mulheres (1495-1830), </em>com a colaboração Inês de Ornellas e Castro, José Félix Duque, de Pedro Sena Lino, Isabel Morujão e Hugo Neto, Lisboa, Relógio de Água, 2013</p>
<p style="font-weight: 400;">ANASTÁCIO, Vanda «Notes on the <em>Querelle des femmes </em>in eighteenth-century Portugal» <em>Portuguese Studies, </em>volume 31, Number 1, MHRA, 2015,  pp. 49-61.</p>
<p style="font-weight: 400;">ARMADA, Fina D’, <em>O L</em><em>ivro Feminista De 1715. O Primeiro Grito Revolucionário, </em>Rio Tinto, Evolua Edições, 2005</p>
<p style="font-weight: 400;">FIGUEIREDO, Violeta Crespo, “Papéis volantes do século XVIII. 5 Mulher”, <em>História, </em>Lisboa (5) Março 1979, pp. 54-64.</p>
<p style="font-weight: 400;"><a href="https://estudogeral.uc.pt/bitstream/10316/88910/1/Lopes,%20M.A.Da%20igualdade%20entre%20os%20sexos%20e%20da%20opressão%20das%20mulheres.Alegações%20de%20uma%20portuguesa%20em%201715.Paula%20da%20Graca.pdf">LOPES, Maria Antónia, “Da igualdade entre os sexos e da opressão das mulheres: alegações de uma portuguesa em 1715” in <em>Primeiros textos sobre igualdade e dignidade humanas</em>, coordenado por Daniel Pires, Fernando Machado, José Eduardo Franco, Margarida Seixas, Maria Antónia Lopes, Paulo de Assunção, Pedro Calafate, Ricardo Ventura e Susana Alves-Dias (vol. 14 de <em>Obras Pioneiras da Cultura Portuguesa</em>), Lisboa, Círculo de Leitores, 2019, pp. 60-66.</a> <b></b></p>
<p style="font-weight: 400;"><a href="https://www.thefreelibrary.com/Nao+sao+femeas%2c+ou+machos+as+almas+com+distincao%3a+estrategias+de...-a0472005160">MARQUES, Pedro Miguel Reboredo, “’Não são fêmeas ou machos as almas com distinção’: Estratégias de valorização da mulher em papéis volantes setecentistas” <em>Portuguese Studies Review, </em>vol. 13, nº 1-2, 2005 (publ. 2007), pp. 305-330.</a></p>
<p style="font-weight: 400;"><a href="https://umarmadeira.blogs.sapo.pt/o-livro-feminista-de-1715-3310">PEREIRA, Conceição, “O livro Feminista de 1715” UMAR Madeira</a><b></b></p>
<p style="font-weight: 400;">SALVADO, António, <em>Antologia da Poesia Feminina Portuguesa, </em>[Fundão], Edições J. F., 1980 [eds: 1960, 1970, 1973], pp. 65-77.</p>
<p style="font-weight: 400;">SILVA, Regina Tavares da, “Folhetos volantes sobre as mulheres” Zília Osório de Castro e João Esteves (coords.) <em>Dicionário no Feminino (séculos XIX-XX), </em>Lisboa, Livros Horizonte, 2005, p.</p>
<p style="font-weight: 400;">SILVA, Regina Tavares da, “O tema “Mulher” em folhetos volantes portugueses”   <em>A Mulher na Sociedade Portuguesa. Visão Histórica e Perspectivas Actuais, </em>Coimbra, Faculdade de Letras da Universidade de Coimbra, Instituto de História Económica e Social, 1986, p.</p>
<p style="font-weight: 400;"><a href="http://repositorio-aberto.up.pt/bitstream/10216/20332/2/mestbetinaruizretorica000084981.pdf">RUIZ, Betina dos Santos, <em>A Retórica da Mulher em Polémicas de Folhetos de cordel do século XVIII, </em>Porto, Faculdade de Letras da Universidade do Porto, 2009 (Dissertação de Mestrado)</a></p>
<p style="font-weight: 400;">TORRES FEIJÓ<strong>,</strong> Elias, “Cartas apologéticas, cartas polemistas. As <em>Cartas Apologéticas</em> de Gertrudes Margarida de Jesus. Argumentaçom e invençom” in.: Vanda Anastácio (coord.) <em>Correspondências. Usos da Carta no século XVIII</em>, Lisboa, Colibri, 2005, pp. 223-253.</p>
<p style="font-weight: 400;">VASCONCELOS, Mário Cesariny (org.) <em>Horta da Literatura de Cordel: o continente submerso, o grande teatro do mundo, os sobreviventes do dilúvio, monstros nacionais, monstros estrangeiros,</em> Lisboa, Assírio e Alvim, 1983, pp. 19 e ss.</p>
<p>&nbsp;</p>
<p style="font-weight: 400;"><strong>OBSERVAÇÕES </strong></p>
<p style="font-weight: 400;">“Assistente na Corte”</p>
<p style="font-weight: 400;">

<p>NOME Paula da Graça Elementos biográficos LOCAL DE NASCIMENTO  Cabanas, Alenquer DATA DE NASCIMENTO  Século XVIII? DATA DA MORTE  Século XVIII ESTADO Solteira Obra OBRAS IMPRESSAS Bondade das Mulheres Vendicada e Malícia dos Homens Manifesta, Lisboa, Na Officina de Bernardo da Costa de Carvalho, 1715 Bondade das Mulheres Vendicada e Malícia dos Homens Manifesta, Lisboa, &#8230; <a title="Paula da Graça" class="read-more" href="https://escritoras-em-portugues.com/en/xvii/paula-da-graca/" aria-label="Read more about Paula da Graça">Read more</a></p>
