{"id":618,"date":"2023-04-23T16:57:36","date_gmt":"2023-04-23T19:57:36","guid":{"rendered":"http:\/\/escritoras-em-portugues.provisorio.ws\/?page_id=618"},"modified":"2024-06-04T19:27:58","modified_gmt":"2024-06-04T19:27:58","slug":"margarida-furtada","status":"publish","type":"page","link":"http:\/\/escritoras-em-portugues.com\/pt_pt\/xv\/margarida-furtada\/","title":{"rendered":"Margarida Furtada"},"content":{"rendered":"<p><strong>NOME<\/strong> Margarida Furtada, Dona<\/p>\n<p><strong>Dados biogr\u00e1ficos<\/strong><\/p>\n<p><strong>DATA DE NASCIMENTO<\/strong> S\u00e9culo XV<br \/>\n<strong>DATA DA MORTE<\/strong> S\u00e9culo XVI<\/p>\n<p><strong>IDIOMAS<\/strong> Portugu\u00eas<\/p>\n<p><strong>Obra<\/strong><\/p>\n<p><strong>OBRAS IMPRESSAS<\/strong><\/p>\n<pre>Vendo-vos dissimular\r\nA dor que muitos afoga,\r\nVos quero sem me chamar,\r\nSenhor primo, conselhar,\r\nPorqu\u2019o sangue nam se roga.\r\nE digo que se apartar\r\nVos nam podeis de querela,\r\nQue \u00e9 mais pera folgar\r\nPerder por ela.\r\n\r\nin.: <a href=\"http:\/\/purl.pt\/12096\/5\/\">RESENDE, Garcia de, <em>Cancioneiro Geral de Garcia de Resende, <\/em>Lisboa, por Hernan de Campos, 1516, fl.<\/a>\r\n<\/pre>\n<p><strong>BIBLIOGRAFIA <\/strong><\/p>\n<p>DIAS, Aida Fernanda, <em>Cancioneiro Geral de Garcia de Resende, <\/em>Lisboa, Imprensa Nacional \u2013 Casa da Moeda, 1993, vol. III, p. 293.<\/p>\n<p><a href=\"http:\/\/purl.pt\/12096\/5\/\">RESENDE, Garcia de, <em>Cancioneiro Geral de Garcia de Resende, <\/em>Lisboa, por Hernan de Campos, 1516, fl.<\/a><\/p>\n<p>SAMARTIN, Roberto Lopez-Iglesias, <em>A dona do tempo antigo. Mulher e campo liter\u00e1rio no Renascimento portugu\u00eas (1495-1557), <\/em>Santiago de Compostela, Edicions Laiovento, 2003.<\/p>\n","protected":false},"excerpt":{"rendered":"<p>NOME Margarida Furtada, Dona Dados biogr\u00e1ficos DATA DE NASCIMENTO S\u00e9culo XV DATA DA MORTE S\u00e9culo XVI IDIOMAS Portugu\u00eas Obra OBRAS IMPRESSAS Vendo-vos dissimular A dor que muitos afoga, Vos quero sem me chamar, Senhor primo, conselhar, Porqu\u2019o sangue nam se roga. E digo que se apartar Vos nam podeis de querela, Que \u00e9 mais pera &#8230; <a title=\"Margarida Furtada\" class=\"read-more\" href=\"http:\/\/escritoras-em-portugues.com\/pt_pt\/xv\/margarida-furtada\/\" aria-label=\"Leia mais sobre Margarida Furtada\">Ler mais<\/a><\/p>\n","protected":false},"author":2,"featured_media":0,"parent":43,"menu_order":0,"comment_status":"closed","ping_status":"closed","template":"","meta":{"cybocfi_hide_featured_image":"","footnotes":""},"class_list":["post-618","page","type-page","status-publish"],"_links":{"self":[{"href":"http:\/\/escritoras-em-portugues.com\/pt_pt\/wp-json\/wp\/v2\/pages\/618","targetHints":{"allow":["GET"]}}],"collection":[{"href":"http:\/\/escritoras-em-portugues.com\/pt_pt\/wp-json\/wp\/v2\/pages"}],"about":[{"href":"http:\/\/escritoras-em-portugues.com\/pt_pt\/wp-json\/wp\/v2\/types\/page"}],"author":[{"embeddable":true,"href":"http:\/\/escritoras-em-portugues.com\/pt_pt\/wp-json\/wp\/v2\/users\/2"}],"replies":[{"embeddable":true,"href":"http:\/\/escritoras-em-portugues.com\/pt_pt\/wp-json\/wp\/v2\/comments?post=618"}],"version-history":[{"count":1,"href":"http:\/\/escritoras-em-portugues.com\/pt_pt\/wp-json\/wp\/v2\/pages\/618\/revisions"}],"predecessor-version":[{"id":1740,"href":"http:\/\/escritoras-em-portugues.com\/pt_pt\/wp-json\/wp\/v2\/pages\/618\/revisions\/1740"}],"up":[{"embeddable":true,"href":"http:\/\/escritoras-em-portugues.com\/pt_pt\/wp-json\/wp\/v2\/pages\/43"}],"wp:attachment":[{"href":"http:\/\/escritoras-em-portugues.com\/pt_pt\/wp-json\/wp\/v2\/media?parent=618"}],"curies":[{"name":"wp","href":"https:\/\/api.w.org\/{rel}","templated":true}]}}

<p><strong>NOME</strong> Margarida Furtada, Dona</p>
<p><strong>Dados biográficos</strong></p>
<p><strong>DATA DE NASCIMENTO</strong> Século XV<br />
<strong>DATA DA MORTE</strong> Século XVI</p>
<p><strong>IDIOMAS</strong> Português</p>
<p><strong>Obra</strong></p>
<p><strong>OBRAS IMPRESSAS</strong></p>
<pre>Vendo-vos dissimular
A dor que muitos afoga,
Vos quero sem me chamar,
Senhor primo, conselhar,
Porqu’o sangue nam se roga.
E digo que se apartar
Vos nam podeis de querela,
Que é mais pera folgar
Perder por ela.

in.: <a href="http://purl.pt/12096/5/">RESENDE, Garcia de, <em>Cancioneiro Geral de Garcia de Resende, </em>Lisboa, por Hernan de Campos, 1516, fl.</a>
</pre>
<p><strong>BIBLIOGRAFIA </strong></p>
<p>DIAS, Aida Fernanda, <em>Cancioneiro Geral de Garcia de Resende, </em>Lisboa, Imprensa Nacional – Casa da Moeda, 1993, vol. III, p. 293.</p>
<p><a href="http://purl.pt/12096/5/">RESENDE, Garcia de, <em>Cancioneiro Geral de Garcia de Resende, </em>Lisboa, por Hernan de Campos, 1516, fl.</a></p>
<p>SAMARTIN, Roberto Lopez-Iglesias, <em>A dona do tempo antigo. Mulher e campo literário no Renascimento português (1495-1557), </em>Santiago de Compostela, Edicions Laiovento, 2003.</p>

<p>NOME Margarida Furtada, Dona Dados biográficos DATA DE NASCIMENTO Século XV DATA DA MORTE Século XVI IDIOMAS Português Obra OBRAS IMPRESSAS Vendo-vos dissimular A dor que muitos afoga, Vos quero sem me chamar, Senhor primo, conselhar, Porqu’o sangue nam se roga. E digo que se apartar Vos nam podeis de querela, Que é mais pera &#8230; <a title="Margarida Furtada" class="read-more" href="http://escritoras-em-portugues.com/pt_pt/xv/margarida-furtada/" aria-label="Leia mais sobre Margarida Furtada">Ler mais</a></p>
