{"id":1130,"date":"2023-11-14T23:23:50","date_gmt":"2023-11-14T23:23:50","guid":{"rendered":"https:\/\/escritoras-em-portugues.com\/?page_id=1130"},"modified":"2024-06-04T22:07:57","modified_gmt":"2024-06-04T22:07:57","slug":"joanna-rousseau-de-villeneuve","status":"publish","type":"page","link":"http:\/\/escritoras-em-portugues.com\/pt_pt\/xviii\/joanna-rousseau-de-villeneuve\/","title":{"rendered":"Joanna Rousseau de Villeneuve"},"content":{"rendered":"<p><strong>NOME <\/strong><span lang=\"PT\">Joanna Rousseau de Villeneuve<\/span><\/p>\n<div><span lang=\"PT\">\u00a0 <\/span><\/div>\n<h4><strong>Elementos biogr\u00e1ficos<\/strong><\/h4>\n<p style=\"font-weight: 400;\"><strong>LOCAL DE NASCIMENTO<\/strong> Fran\u00e7a<\/p>\n<p style=\"font-weight: 400;\"><strong>DATA DE NASCIMENTO<\/strong> S\u00e9culo XVIII<\/p>\n<p style=\"font-weight: 400;\"><strong>LOCAL DA MORTE<\/strong> Portugal<\/p>\n<p style=\"font-weight: 400;\"><strong>PA\u00cdS ONDE NASCEU<\/strong> Fran\u00e7a<\/p>\n<p style=\"font-weight: 400;\"><strong>PA\u00cdSES ONDE VIVEU<\/strong> Fran\u00e7a, Portugal<\/p>\n<p style=\"font-weight: 400;\"><strong>PROFISS\u00c3O \/ CARGO \/ FUN\u00c7\u00c3O<\/strong> Aia e preceptora de meninas nobres<\/p>\n<p style=\"font-weight: 400;\"><strong>DATA DA MORTE<\/strong> S\u00e9culo XVIII (?)<\/p>\n<p style=\"font-weight: 400;\"><strong>IDIOMAS<\/strong> Franc\u00eas, Portugu\u00eas<\/p>\n<h4><\/h4>\n<h4><strong>Obra<\/strong><\/h4>\n<p><strong>OBRAS IMPRESSAS<\/strong><\/p>\n<blockquote>\n<p style=\"font-weight: 400;\"><a href=\"http:\/\/acervo.bndigital.bn.br\/sophia\/index.html\"><em>A aia vigilante, ou reflex\u00f5es sobre a educa\u00e7\u00e3o dos meninos desde a inf\u00e2ncia at\u00e9 \u00e0 adolesc\u00eancia. Offerecidas \u00e0 exma. condessa de Oeiras<\/em>, Lisboa, na off. de Ant\u00f3nio da Silva, 1768<\/a><\/p>\n<\/blockquote>\n<h4><strong>Bibliografia<\/strong><\/h4>\n<p style=\"font-weight: 400;\"><a href=\"https:\/\/historyofwomenphilosophers.org\/de-villeneuve-joanna-rousseau-18th-century\/\"><em>History of women philosophers and scientists, <\/em>Paderborn University<\/a><\/p>\n<div><a href=\"https:\/\/www.proquest.com\/openview\/d5e9b89668055cc36f02b5d1467d86c6\/1?pq-origsite=gscholar&amp;cbl=2046359\"><span lang=\"EN-GB\">RIPE, Fernando \u201cSe hum instante vos descuidais, se hum instante desamparais vosso filho, talvez que para sempre fique perdido\u201d: vigil\u00e2ncia e puni\u00e7\u00e3o em um manual de Comportamento Social portugu\u00eas do s\u00e9culo XVIII<\/span><i><span lang=\"EN-GB\">\u201d <\/span><\/i><span lang=\"EN-GB\"><em>Cadernos de Hist\u00f3ria da Educa\u00e7\u00e3<\/em><i>o, <\/i>Uberl\u00e2ndia, Vol. 16 Iss. 1, jan-abr 2017, pp. 155-179.<\/span><\/a><\/div>\n<div><\/div>\n<div><\/div>\n<p style=\"font-weight: 400;\"><a href=\"http:\/\/dspace.uevora.pt\/rdpc\/bitstream\/10174\/27660\/3\/Joanna%20Villeneuve.pdf\">SANTOS, Maria Teresa, \u201cEducar os filhos de alguns. A teoria educativa de Locke na pr\u00e1tica de Joana Rousseau de Villeneuve\u201d<em>Fios de Mem\u00f3ria \u2013 Liber Amicorum para Fernanda Henriques, <\/em>\u00c9vora, Universidade de \u00c9vora<\/a><\/p>\n<p style=\"font-weight: 400;\">SILVA, Inoc\u00eancio Francisco da, <em>Dicion\u00e1rio Bibliogr\u00e1fico Portuguez<\/em>, Lisboa, Imprensa Nacional, 1883, vol. X, p. 144.<\/p>\n<p style=\"font-weight: 400;\">VASCONCELOS, Maria Celi Chaves e Ana Cristina Lopes B. FRANCISCO, \u201cAias, governantas e preceptoras: mulheres com a atribui\u00e7\u00e3o de educar\u201d, Rev. <em>FAEEBA<\/em> \u2013 Ed. e Contemp., Salvador, Vol. 30, n\u00ba 63, 2021, pp. 239-256.<\/p>\n","protected":false},"excerpt":{"rendered":"<p>NOME Joanna Rousseau de Villeneuve \u00a0 Elementos biogr\u00e1ficos LOCAL DE NASCIMENTO Fran\u00e7a DATA DE NASCIMENTO S\u00e9culo XVIII LOCAL DA MORTE Portugal PA\u00cdS ONDE NASCEU Fran\u00e7a PA\u00cdSES ONDE VIVEU Fran\u00e7a, Portugal PROFISS\u00c3O \/ CARGO \/ FUN\u00c7\u00c3O Aia e preceptora de meninas nobres DATA DA MORTE S\u00e9culo XVIII (?) IDIOMAS Franc\u00eas, Portugu\u00eas Obra OBRAS IMPRESSAS A aia &#8230; <a title=\"Joanna Rousseau de Villeneuve\" class=\"read-more\" href=\"http:\/\/escritoras-em-portugues.com\/pt_pt\/xviii\/joanna-rousseau-de-villeneuve\/\" aria-label=\"Leia mais sobre Joanna Rousseau de Villeneuve\">Ler mais<\/a><\/p>\n","protected":false},"author":3,"featured_media":0,"parent":46,"menu_order":0,"comment_status":"closed","ping_status":"closed","template":"","meta":{"cybocfi_hide_featured_image":"","footnotes":""},"class_list":["post-1130","page","type-page","status-publish"],"_links":{"self":[{"href":"http:\/\/escritoras-em-portugues.com\/pt_pt\/wp-json\/wp\/v2\/pages\/1130","targetHints":{"allow":["GET"]}}],"collection":[{"href":"http:\/\/escritoras-em-portugues.com\/pt_pt\/wp-json\/wp\/v2\/pages"}],"about":[{"href":"http:\/\/escritoras-em-portugues.com\/pt_pt\/wp-json\/wp\/v2\/types\/page"}],"author":[{"embeddable":true,"href":"http:\/\/escritoras-em-portugues.com\/pt_pt\/wp-json\/wp\/v2\/users\/3"}],"replies":[{"embeddable":true,"href":"http:\/\/escritoras-em-portugues.com\/pt_pt\/wp-json\/wp\/v2\/comments?post=1130"}],"version-history":[{"count":4,"href":"http:\/\/escritoras-em-portugues.com\/pt_pt\/wp-json\/wp\/v2\/pages\/1130\/revisions"}],"predecessor-version":[{"id":1847,"href":"http:\/\/escritoras-em-portugues.com\/pt_pt\/wp-json\/wp\/v2\/pages\/1130\/revisions\/1847"}],"up":[{"embeddable":true,"href":"http:\/\/escritoras-em-portugues.com\/pt_pt\/wp-json\/wp\/v2\/pages\/46"}],"wp:attachment":[{"href":"http:\/\/escritoras-em-portugues.com\/pt_pt\/wp-json\/wp\/v2\/media?parent=1130"}],"curies":[{"name":"wp","href":"https:\/\/api.w.org\/{rel}","templated":true}]}}

<p><strong>NOME </strong><span lang="PT">Joanna Rousseau de Villeneuve</span></p>
<div><span lang="PT">  </span></div>
<h4><strong>Elementos biográficos</strong></h4>
<p style="font-weight: 400;"><strong>LOCAL DE NASCIMENTO</strong> França</p>
<p style="font-weight: 400;"><strong>DATA DE NASCIMENTO</strong> Século XVIII</p>
<p style="font-weight: 400;"><strong>LOCAL DA MORTE</strong> Portugal</p>
<p style="font-weight: 400;"><strong>PAÍS ONDE NASCEU</strong> França</p>
<p style="font-weight: 400;"><strong>PAÍSES ONDE VIVEU</strong> França, Portugal</p>
<p style="font-weight: 400;"><strong>PROFISSÃO / CARGO / FUNÇÃO</strong> Aia e preceptora de meninas nobres</p>
<p style="font-weight: 400;"><strong>DATA DA MORTE</strong> Século XVIII (?)</p>
<p style="font-weight: 400;"><strong>IDIOMAS</strong> Francês, Português</p>
<h4></h4>
<h4><strong>Obra</strong></h4>
<p><strong>OBRAS IMPRESSAS</strong></p>
<blockquote>
<p style="font-weight: 400;"><a href="http://acervo.bndigital.bn.br/sophia/index.html"><em>A aia vigilante, ou reflexões sobre a educação dos meninos desde a infância até à adolescência. Offerecidas à exma. condessa de Oeiras</em>, Lisboa, na off. de António da Silva, 1768</a></p>
</blockquote>
<h4><strong>Bibliografia</strong></h4>
<p style="font-weight: 400;"><a href="https://historyofwomenphilosophers.org/de-villeneuve-joanna-rousseau-18th-century/"><em>History of women philosophers and scientists, </em>Paderborn University</a></p>
<div><a href="https://www.proquest.com/openview/d5e9b89668055cc36f02b5d1467d86c6/1?pq-origsite=gscholar&amp;cbl=2046359"><span lang="EN-GB">RIPE, Fernando “Se hum instante vos descuidais, se hum instante desamparais vosso filho, talvez que para sempre fique perdido”: vigilância e punição em um manual de Comportamento Social português do século XVIII</span><i><span lang="EN-GB">” </span></i><span lang="EN-GB"><em>Cadernos de História da Educaçã</em><i>o, </i>Uberlândia, Vol. 16 Iss. 1, jan-abr 2017, pp. 155-179.</span></a></div>
<div></div>
<div></div>
<p style="font-weight: 400;"><a href="http://dspace.uevora.pt/rdpc/bitstream/10174/27660/3/Joanna%20Villeneuve.pdf">SANTOS, Maria Teresa, “Educar os filhos de alguns. A teoria educativa de Locke na prática de Joana Rousseau de Villeneuve”<em>Fios de Memória – Liber Amicorum para Fernanda Henriques, </em>Évora, Universidade de Évora</a></p>
<p style="font-weight: 400;">SILVA, Inocêncio Francisco da, <em>Dicionário Bibliográfico Portuguez</em>, Lisboa, Imprensa Nacional, 1883, vol. X, p. 144.</p>
<p style="font-weight: 400;">VASCONCELOS, Maria Celi Chaves e Ana Cristina Lopes B. FRANCISCO, “Aias, governantas e preceptoras: mulheres com a atribuição de educar”, Rev. <em>FAEEBA</em> – Ed. e Contemp., Salvador, Vol. 30, nº 63, 2021, pp. 239-256.</p>

<p>NOME Joanna Rousseau de Villeneuve   Elementos biográficos LOCAL DE NASCIMENTO França DATA DE NASCIMENTO Século XVIII LOCAL DA MORTE Portugal PAÍS ONDE NASCEU França PAÍSES ONDE VIVEU França, Portugal PROFISSÃO / CARGO / FUNÇÃO Aia e preceptora de meninas nobres DATA DA MORTE Século XVIII (?) IDIOMAS Francês, Português Obra OBRAS IMPRESSAS A aia &#8230; <a title="Joanna Rousseau de Villeneuve" class="read-more" href="http://escritoras-em-portugues.com/pt_pt/xviii/joanna-rousseau-de-villeneuve/" aria-label="Leia mais sobre Joanna Rousseau de Villeneuve">Ler mais</a></p>
